on factor of x and l?
19
Suppose 5*u = 4*b - 33, -u = 4*b + 1 - 4. Let m(w) = 4 - w**3 + 0 + w**2 + b*w + 3*w**2. Let k be m(4). Calculate the greatest common factor of 12 and k.
12
Let c be 2 + 129/(0 - -3). Let w be 15/25 - 87/(-5). Calculate the highest common divisor of c and w.
9
Let x be (-6)/(-8) + (-54)/(-24). Suppose -2*t = -10, -x*y + 5*y + 3*t = 45. Calculate the greatest common divisor of y and 10.
5
Let f(r) = -r**3 - 4*r**2 + 4*r - 3. Let g be f(-5). Let b = 4 - g. What is the highest common divisor of 6 and b?
2
Let v = 12 + -4. What is the highest common factor of v and 184?
8
Suppose 5*y = -2*j + 20, -4*j - 4*y = 2 - 30. Suppose 4*o - 886 = -2*l, j*o - 1115 = -7*l + 2*l. Calculate the highest common factor of 22 and o.
22
Suppose -3*b = -46 - 35. Let q be 3/9*1*b. Let t be (-388)/(-6) - 6/q. What is the highest common divisor of t and 8?
8
Let k be 3 + (4 - 4) + -9. Let x(m) = 4*m**2 + 5*m + 6. Let h be x(k). Calculate the greatest common factor of h and 15.
15
Let z be ((-4)/6)/(20/(-90)). Suppose 0 = 2*h - z - 3. Let m(t) = 16*t**2 - 1. Let q be m(-1). What is the highest common factor of h and q?
3
Let x = -1 - -4. Let h(y) = -y**3 + x*y**2 + 9*y**2 - y**2 - 3*y - 4 - 4*y. Let u be h(8). What is the highest common divisor of 12 and u?
12
Let d = 460 - 290. Let b be (-1)/((6/(-2))/9). Suppose 8*r - b*r - d = 0. Calculate the highest common divisor of r and 85.
17
Suppose 28 = 4*p - 4*k, -8*k + 4*k + 35 = 5*p. Suppose -4*d = -p*d + 21. What is the greatest common factor of d and 7?
7
Suppose -5 = -3*f - 2*f. Let y = f - -39. Calculate the greatest common factor of y and 100.
20
Suppose -i = v + 1, 21 = 4*v - i - 0. Let x(m) = m**3 - 7*m - 5. Let b be x(-2). What is the greatest common divisor of v and b?
1
Let a = 68 - 41. What is the highest common divisor of 9 and a?
9
Let r(u) = u**2 - 2*u - 1. Suppose 0 = -2*j - 0*j + 12. Let l be r(j). Calculate the highest common factor of l and 23.
23
Let g be 1 - -22*(-2)/(-4). What is the highest common divisor of 18 and g?
6
Let d = 6 - -7. Let t = d - 5. Suppose 5*l + t = 28. What is the greatest common factor of l and 2?
2
Suppose 0 = p + 5*b - 1, -1 - 1 = b. What is the highest common divisor of p and 121?
11
Let x be (28/(-3))/((-4)/6). Calculate the highest common factor of x and 126.
14
Let x = 2 - -2. Let m be 93/12 + (-3)/(-12). Suppose -4*c + m = -x. What is the highest common factor of 15 and c?
3
Let o = -3 - -2. Let y be (o - 0/1) + 2. Let d = 90 - 85. What is the greatest common divisor of y and d?
1
Let g be (-4)/10 - 162/(-30). Suppose b = -g*t + 16, 5*t + 156 = 4*b + 2*t. What is the highest common factor of 24 and b?
12
Let s be 75*(165/(-9))/(-5). What is the greatest common divisor of 25 and s?
25
Let j = -17 - -32. Let g = 39 - j. What is the greatest common divisor of 6 and g?
6
Suppose 0 = 4*j + 3*s + s - 76, -5*s = 3*j - 59. Calculate the greatest common factor of 144 and j.
18
Let y = -4 - -4. Suppose y = -4*l - l + 50. What is the highest common divisor of 10 and l?
10
Let g(s) be the first derivative of s**3/3 + 49*s - 3. Let t be g(0). What is the greatest common divisor of 7 and t?
7
Let j = 80 - 37. Let k = j + -22. Calculate the greatest common factor of k and 7.
7
Let n(i) = -i. Let c(v) = -v**2 - 6*v + 3. Let r(m) = c(m) - 6*n(m). Let f be r(3). Let g = 17 + f. Calculate the highest common divisor of 11 and g.
11
Let d be (-4)/10 - (-72)/5. Let a(j) = -j + 8. Let l be a(6). Suppose -5*x + 5*v = -140, 5*v + 56 = l*x + v. What is the highest common factor of d and x?
14
Let h be (6/(-2))/(2/18). Let j be ((-96)/(-40))/((-4)/(-30)). Let g be (-6)/h + 122/j. Calculate the greatest common divisor of 21 and g.
7
Let i be ((-14)/4 + 4)*-2 + 57. Calculate the highest common divisor of 140 and i.
28
Suppose 2 = -m + 3*m. Let a be (-2)/(-1) + 2 + m. Let o = a - -4. What is the highest common divisor of o and 36?
9
Suppose 469 = 5*c - 41. Suppose c - 26 = 4*t. Suppose -2*l - 513 = -5*l. What is the greatest common divisor of t and l?
19
Let j be (1*-2 + -1)/(-1). Suppose m = -j*m + 192. Let t = 10 - -2. What is the highest common divisor of t and m?
12
Let s = -131 + 147. Let u(v) = -v**2 + 6. Let q be u(0). Suppose -2*n + 22 = q. What is the greatest common factor of n and s?
8
Let x(t) = -14*t. Let r = 1 - 3. Let n = r + 1. Let i be x(n). What is the highest common divisor of 35 and i?
7
Let d be 59 - 1 - (2 + 0). Calculate the highest common divisor of d and 28.
28
Suppose -5*m + 0*m - 17 = -r, -13 = r + 5*m. Suppose 0 = u + r*u - 105. Calculate the highest common divisor of 14 and u.
7
Let s = -11 - -7. Let j be s/(-1*(-3)/(-27)). What is the greatest common factor of 9 and j?
9
Suppose -5*p - 2 - 84 = -3*g, -3*p - 122 = -4*g. Let x = g + 0. What is the greatest common factor of 4 and x?
4
Let l(b) = b**3 - 9*b**2 + 21*b - 5. Let j be l(6). What is the greatest common divisor of j and 104?
13
Suppose -68 + 2 = -3*o. Calculate the greatest common factor of o and 2.
2
Let c = -10 - -18. Let v = -6 + 9. Let i be 14/(-4)*(v + -19). What is the highest common factor of i and c?
8
Suppose -2*b + 80 = 3*t + 23, -b + 4*t + 56 = 0. What is the greatest common factor of 90 and b?
18
Let t(s) = -s**2 - 4*s. Let d be t(-6). Let r = 16 + d. Calculate the greatest common divisor of 2 and r.
2
Suppose -4*t + 2*d + 24 = 6, -2*t - 3*d = -21. Let j be (-1 + -3)*(-30)/40. Suppose -t = f - j*f. Calculate the greatest common divisor of 9 and f.
3
Let f = 6 - -1. Let c be (-2)/f - 344/(-28). Suppose -5*h + 4*h + 30 = 0. What is the highest common divisor of c and h?
6
Suppose -1285 = -5*q - 5*i, -i + 0 = -5. What is the greatest common divisor of 28 and q?
28
Let d = -2 - -4. Suppose -3*u - 16 = -4*r, d*u = 4*r + 4*u - 16. Let j = 6 - r. What is the greatest common divisor of j and 12?
2
Let b = -4 + 4. Suppose -4*u + 2*u + 88 = b. Calculate the highest common factor of u and 66.
22
Let s(k) = 2*k. Let g be s(1). Suppose -2*m = -10, -5 = -2*j + 2*m - 1. Let y = j - g. Calculate the highest common factor of y and 30.
5
Let g(s) = 8 - s + 6*s - 3*s - s. Let f be g(-5). What is the highest common factor of f and 24?
3
Let b(g) = -g**3 + g**2 + 52. Suppose 0 = -3*v + v. Let m be b(v). What is the greatest common factor of 13 and m?
13
Let l(a) = a**2 - 2*a + 3. Let t be l(3). Calculate the highest common factor of 18 and t.
6
Suppose -3*f - 107 = -2*f + m, 0 = 2*m - 8. Let j be 8/(3 - f/(-39)). Suppose -58 = -5*d + j. What is the greatest common divisor of d and 55?
11
Suppose 8 = -5*s + 7*s. What is the greatest common factor of 1 and s?
1
Suppose 7*a - 1137 = -192. What is the greatest common factor of 15 and a?
15
Let h be ((-12)/(-9))/((-2)/(-9)). Calculate the greatest common factor of h and 15.
3
Suppose -2*r + 305 = 3*u, u = 3*r + 29 + 58. What is the highest common factor of 9 and u?
9
Let q(k) = -2*k - 10. Let s(o) = -o - 5. Let v be 2/8 - (-84)/(-16). Let m(r) = v*s(r) + 3*q(r). Let u be m(-6). Calculate the highest common factor of u and 4.
1
Let x(p) = 6*p - 2. Let w be x(4). Let c = w + -4. What is the highest common divisor of c and 6?
6
Suppose -5*n + 9 = -51. Suppose 5*c = 2*c - n. Let q be 62 - (-1)/2*c. What is the highest common factor of q and 24?
12
Suppose -1 + 37 = -2*u. Let l be u/(-2) - (0 - -2). Let v be l/(-3)*(5 + -11). What is the greatest common factor of 28 and v?
14
Suppose -6 = -2*t + 6. Let a = -8 + 23. What is the highest common divisor of a and t?
3
Suppose -2*k = 2*a - 0 - 4, -4*a + 15 = 5*k. Suppose 4*i = -5*p + 83, p + 112 + 1 = 4*i. Suppose -c = -i - 8. What is the highest common divisor of c and k?
7
Suppose 0 = -2*b - 3 - 47. Let i = 20 - b. Calculate the highest common divisor of 5 and i.
5
Suppose -280 - 22 = -2*h - 3*u, 620 = 4*h - 2*u. Calculate the greatest common divisor of h and 14.
14
Let c = 36 - 29. Suppose 0 = 3*t - 85 - 125. Let n = t - 21. Calculate the greatest common divisor of n and c.
7
Let r = 87 + 23. Calculate the highest common factor of 22 and r.
22
Suppose 2*z = 4*a - 6, 0 = -a + 2*a - z - 1. Let r be (-8 - 2)/(a - 3). Calculate the highest common divisor of 70 and r.
10
Let i be (3/4)/((-6)/(-120)). Let k = i + -3. Calculate the greatest common factor of 4 and k.
4
Let t(q) = -38*q + 1. Suppose s + 1 = -1. Let z b